 -445 = -3*c - x. What is the remainder when c is divided by 28?
18
Let x = 234 + -187. What is the remainder when x is divided by 6?
5
Let h = -4 + 6. Suppose 0 = 2*j - 0*j + 4*m - 58, -h*j + 26 = -4*m. Calculate the remainder when j is divided by 8.
5
Suppose 2*z = -4*f + 24, -3*f - 2*z = -13 - 7. Suppose -1 + 29 = f*m. What is the remainder when 6*(-70)/63*-3 is divided by m?
6
Suppose 4*c - 75 = 73. Let x(h) = -h**2 + 7*h + 20. Let o be x(8). Let n = 7 + o. What is the remainder when c is divided by n?
18
Calculate the remainder when 107 is divided by 3/(-6) - (-343)/98.
2
Let n(p) = 2*p**2 - 16*p + 9. Let j be n(8). Let a(v) = v**3 - 7*v**2 - 15*v + 17. Calculate the remainder when a(j) is divided by 13.
5
Suppose -a - 5*t = -29, 33 = 2*a + 4*t - 31. What is the remainder when a is divided by 12?
10
Let b(u) = 18*u**2 + u. What is the remainder when b(1) is divided by (2/4)/(-1*(-1)/26)?
6
Suppose 5*d - 2*z - 21 - 231 = 0, 60 = d + 2*z. Calculate the remainder when 305 is divided by d.
45
Let n(v) = 0 + 1 + 2*v - 16*v**3 + 0*v. Suppose -4*f - 4*l + 5 = -179, -3*l + 95 = 2*f. What is the remainder when f is divided by n(-1)?
13
Let x be (-4)/26 + 474/39. Let m = -12 + x. Suppose -v + 1 = -0, -4*i - 3*v + 47 = m. What is the remainder when 31 is divided by i?
9
Let d = -15 - -42. What is the remainder when d is divided by (-837)/(-124) + ((-3)/4 - -1)?
6
Suppose 5*z + 0*z = -3*h + 207, 3*z - 121 = -h. Calculate the remainder when 2/13 - (6 + (-2334)/z) is divided by 7.
5
Let h = -10 - -27. Suppose 0 = -19*c - 120 + 728. Suppose 36*n - 264 = c*n. Calculate the remainder when n is divided by h.
15
Calculate the remainder when (6 + (-2664)/(-45))/((-2)/(-60)) is divided by 28.
24
Let u(h) = -h**3 + 7*h**2 + 3. Let k be u(7). Suppose -k*n = n - 48. Calculate the remainder when 28/(-6)*27/(-6) is divided by n.
9
Let m = -1029 - -1057. What is the remainder when m is divided by 11?
6
Let u = -135 - -142. Suppose -12 = u*y - 10*y. Calculate the remainder when y is divided by 2.
0
Let c(i) be the second derivative of i**4/2 + i**3/6 + i. Let m = 39 - 26. Calculate the remainder when m is divided by c(-1).
3
Let k(a) = -10*a - 3. Suppose -2*b + 0*b = -66. What is the remainder when k(-6) is divided by (b/22)/((-1)/(-10))?
12
Suppose -28*z + 756 = -7*z. What is the remainder when 106 is divided by z?
34
Suppose j + 4*j = 0. Suppose 0*p - 130 = -3*s - p, j = -2*s - 3*p + 89. Calculate the remainder when s is divided by 15.
13
Let s(r) = 7*r + 3*r**2 + 2 - 5 - 2. Let u be (5 - 0) + 20/(-4) + 5. What is the remainder when s(u) is divided by 27?
24
Suppose -5*h - 21 = -4*h. Let u = -2 - h. Suppose 5*n = -4*f + 50, 0*n + u = f - 2*n. Calculate the remainder when f is divided by 9.
6
Let v = 31 + 20. Let r = -14 - -115. Calculate the remainder when r is divided by v.
50
Let k(x) = 5 - 8 + 3*x - x. Let u = -180 + 183. What is the remainder when k(6) is divided by u?
0
Suppose 0 = 3*m + 3 - 24. Let t(u) = -u**3 + 6*u**2 + 8*u - 3. Let i be t(m). Suppose 0 = i*x - 0*x - 16. What is the remainder when 13 is divided by x?
1
Suppose 5*q = 3*j - 43, -j + 26 = -q - 3*q. What is the remainder when (-12)/8*(-88)/j is divided by 6?
4
Suppose 4*d - 50 = -2*y, 2*d + 71*y = 68*y + 35. What is the remainder when 128 is divided by d?
8
Let g = 29 - 18. Suppose -1 = -3*c - 2*k, 33 = 3*c - 3*k + 12. What is the remainder when g is divided by c?
2
Let u = -382 + 203. Let j = 302 + u. What is the remainder when j is divided by 31?
30
Suppose 68 = 7*n - 3*n. What is the remainder when 100 is divided by n?
15
Let o(p) = 17 - 7*p + 2*p + 3*p. What is the remainder when o(-9) is divided by 13?
9
Let m be (2 + -2)/(0 + -2). Suppose -5*y = -4*s + 3*s - 10, m = y - 5. What is the remainder when 29 is divided by s?
14
Let q be 0 - (-3 - (-9)/3). Let y be (-96)/(-36) - (-1)/3. Suppose 4*h + 5*b - 155 = q, -2*h + 4*b + y + 55 = 0. What is the remainder when h is divided by 19?
16
Suppose 11 - 32 = -y + 4*m, -4*y - 4*m = -124. Calculate the remainder when 42 is divided by y.
13
Let u(n) = 83*n + 8. What is the remainder when u(4) is divided by 49?
46
Suppose 3*r - 12 = 3, -144 = -4*k - 4*r. Suppose 323 = -6*p + 437. Calculate the remainder when k is divided by p.
12
Suppose -314 - 150 = -29*c. Calculate the remainder when 170 is divided by c.
10
Suppose -2*n + 62 = -4*j, -2*j = 4*n + 18 - 162. Let k be (-14)/49 + (-9)/(-7). Calculate the remainder when n is divided by 10 + -1 - (-1 - (k - -1)).
11
Suppose -2*k + 3*t = -315, 0*t = -3*k - 3*t + 435. Suppose -v + k = 2*v. Calculate the remainder when 199 is divided by v.
49
Let i(x) = -33*x - 10. What is the remainder when 90 is divided by i(-1)?
21
Suppose -148 = -5*w + 172. Let c = 95 - w. Suppose 2*m - 5 = 29. What is the remainder when c is divided by m?
14
Suppose -5*h + 6*a = 5*a - 5880, 0 = -5*a - 25. What is the remainder when h is divided by 28?
27
Let f(k) = -k**3 - 2*k**2 - 2*k + 2. What is the remainder when f(-4) is divided by 4 + (-845)/(-117) + (-4)/18?
9
Suppose 3*s - 5 - 1 = 0. Let j be ((-1)/3)/(s/(-126)). Suppose 5*h + b - 15 = 0, -h - b - 4*b - j = 0. What is the remainder when 10 is divided by h?
2
Suppose -1327 - 862 = -11*j. What is the remainder when j is divided by 8?
7
Suppose -8*f + 3*f = 0, -4*f = 5*n - 190. What is the remainder when n is divided by 201/15 - 6/15?
12
Let l be 2/13 - 334/(-26). Let v = l + -27. Let b(u) = -u - 11. Calculate the remainder when b(v) is divided by 2.
1
What is the remainder when 26/(-143) + 1478/22 is divided by 9?
4
Let x(p) = -p**3 + 6*p**2 + 8*p + 2. Let l be x(7). Suppose l*t - 6*t = 81. Let j = -11 - -18. Calculate the remainder when t is divided by j.
6
Suppose -2*f = 2*s - 22, f + s = 2*f - 3. Calculate the remainder when f/35 + 248/10 is divided by 9.
7
Let k be (-33)/44 - (-15)/4. Suppose -k*h + 62 = -40. Suppose -81*o - 36 = -85*o. What is the remainder when h is divided by o?
7
Let i(v) = v**3 + 3*v**2 - 3*v - 1. Let d be i(-3). Suppose -d*o = -118 - 66. Calculate the remainder when 61 is divided by o.
15
Suppose -61 = -d - 2*z, 5*z + 119 = 2*d - 30. Calculate the remainder when 1138 is divided by d.
66
Let f(o) = -38*o**3 + 2*o**2 - o - 3. Calculate the remainder when f(-2) is divided by 39.
38
Suppose -2*r = -r - 114. Let l = r + -49. Suppose -4*t = t - 110. What is the remainder when l is divided by t?
21
Calculate the remainder when 94 is divided by (-2)/((-32)/444) - (-6)/24.
10
Let d(h) = -2*h**2 + 106*h - 18. Calculate the remainder when d(32) is divided by 83.
81
Suppose -12*u - 676 = -1744. Let p = u - 82. Calculate the remainder when 104 is divided by p.
6
Suppose -f + 665 = 4*a, a + 11*f - 13*f = 164. Let v = a + -109. Calculate the remainder when v is divided by 24.
9
Calculate the remainder when (17 + -15)/(4/210) is divided by 56.
49
Suppose 2 - 3 = v, 5*k - v - 26 = 0. What is the remainder when k is divided by (16/10)/((-20)/(-25))?
1
Suppose 0 = p + 3*p - 8. Let d be -2 - (-3 - (-188)/(-2)). Suppose -3*s - p*s + d = 0. Calculate the remainder when s is divided by 5.
4
Let q(w) = -w**2 + 39*w + 69. What is the remainder when q(29) is divided by 45?
44
Suppose -n + w - 32 = 0, -2*n - 2*w - 72 = -0*w. Let j = -20 - n. Calculate the remainder when (-4)/(3 - 46/j) is divided by 4.
2
Let j be (-587)/(-4) - 8/(-32). Let v = -61 + j. Calculate the remainder when v is divided by 30.
26
Let o(n) = -n + 7. Let p be o(5). Suppose 0 = 2*i + p - 0, -i = 4*w - 59. Suppose -s - 4*s = -140. What is the remainder when s is divided by w?
13
Let d(k) = k**2 + 27*k + 116. Calculate the remainder when 33 is divided by d(-22).
3
Let v be ((-30)/(-4))/(4/64). Suppose -v = -8*d + 160. Calculate the remainder when 139 is divided by d.
34
Let v = 494 + -483. Suppose -4*d - 38 = -2*a - 106, -38 = -2*d - a. What is the remainder when d is divided by v?
7
Let h be 2 - (-10 + -2 + 0). Suppose 4*i - 18 = v, -2*v + 5*v - 4*i + h = 0. Suppose v - 6 = -z. What is the remainder when 9 is divided by z?
1
Suppose -q = f - 5*f - 157, f + 286 = 2*q. Let y = 86 + -50. What is the remainder when q is divided by y?
33
Let i = -260 - -401. Calculate the remainder when i is divided by 56.
29
Suppose 0 = -2*t + t + 5*o + 102, 0 = t - 2*o - 93. Suppose 0 = 3*g - 8*g + 220. What is the remainder 